-0*g + t*g. What are the prime factors of g?
2, 3
Suppose 3*q - 6*q = 0. Suppose q = 4*g - b - 50, -2*g - 3*g - 5*b = -50. What are the prime factors of g?
2, 3
Suppose 18 = -3*s + 5*l + 61, -2*l = -3*s + 28. Let d(k) = s*k + 7 - 2*k - 3*k + 1. What are the prime factors of d(-4)?
2
Suppose -4*g + 2*o = 248, 3*g + 153 = -2*o - 40. Let m = -21 - g. List the prime factors of m.
2, 3, 7
List the prime factors of 0 + 138 + (4 - 3).
139
What are the prime factors of (6 + 924/(-30))/((-4)/10)?
2, 31
Let q = -5 - -5. Suppose q = -4*y + 7 + 41. List the prime factors of y.
2, 3
Let i(f) be the first derivative of -f**4/4 - 2*f**3/3 + 2*f**2 - 3. List the prime factors of i(-4).
2
Suppose -2*p - 2*p = -4*h - 20, 0 = -h. Let g be 54/p - 4/(-20). Suppose -g = -5*a + 19. List the prime factors of a.
2, 3
Let y = -14 - 0. Let c = -11 - y. What are the prime factors of c?
3
Let s(y) = y**3 + 6*y**2 - 6*y + 13. Let c be s(-7). Suppose 66 = 4*n + 3*z, -8 = 3*n - 4*z - 45. Suppose -k + c*k = n. What are the prime factors of k?
3
Suppose r = -5*g + 57, -3*g + 2*r + 33 = 3*r. Suppose 3*u + g = -d, 3*u + 2 + 10 = -3*d. Suppose x + 3*x - 28 = d. List the prime factors of x.
7
Suppose -7 = 5*h - 32. List the prime factors of h.
5
What are the prime factors of 349 - 7 - (-1 + 2)*1?
11, 31
What are the prime factors of 2/21*3 - 24300/(-63)?
2, 193
Let a(c) = -2*c**3 + 3*c**2 - 4*c. Let l(m) = 4*m**3 - 5*m**2 + 7*m. Let x(s) = 11*a(s) + 6*l(s). List the prime factors of x(2).
2, 3
Let k = 9 - 11. Let h = k + 11. Suppose d = h + 2. List the prime factors of d.
11
Let f be ((-2)/(-6))/(3/45). Suppose -f*h + 2*r - 60 = 0, 0 = 4*h - 4*r - 5 + 65. Let w = -1 - h. What are the prime factors of w?
3
List the prime factors of 3/(12/16) + 3.
7
Suppose -4*x - 48 = -204. Let o = 55 + -50. Suppose 4 = -o*m + x. What are the prime factors of m?
7
Let x(z) be the first derivative of z**4/4 + 2*z**3 - 7*z**2/2 + 10*z + 1. Suppose -9 = 4*y + 19. What are the prime factors of x(y)?
2, 5
Suppose 0*z - 9 = -3*z. Let h(y) = 3*y - z*y - y**2 + 2*y + 3 + 4*y. What are the prime factors of h(3)?
2, 3
Let x be (-1 + -4)/((-9)/45). List the prime factors of (-3)/15 + 405/x.
2
Let v(k) = -k**2 - 8*k + 4. Let i = -8 + 4. What are the prime factors of v(i)?
2, 5
Let y(n) = 4*n**2 - n - 1. Let x be y(-1). Suppose 0 = x*d - 4. Suppose h - 12 = -d. What are the prime factors of h?
11
Let c be 3/9*3 + -2. List the prime factors of (1 - c) + 56/7.
2, 5
Let z(k) = -k**3 + 16*k**2 - 16*k. Let s be z(15). What are the prime factors of (-18)/(1 - s/(-6))?
2, 3
Suppose -2*j - 3*j - 65 = 0. Let i = j + 33. List the prime factors of i.
2, 5
Let x(z) = -4*z**2 + 7*z - 10. Let k(f) = -5*f**2 + 8*f - 11. Let v(h) = -5*k(h) + 6*x(h). Let l be -4*(2/1)/2. What are the prime factors of v(l)?
3
Suppose 2*v - 4*m + 30 = 0, v - 80 = 5*v - 4*m. Suppose -l + 20 = 58. Let a = v - l. List the prime factors of a.
13
Let g(h) = 4*h - 4. Let n = -3 + 7. What are the prime factors of g(n)?
2, 3
Suppose 3*m - 2*m = 52. Let t be 3/(-1)*m/(-6). Let u = t - 17. What are the prime factors of u?
3
Let i(g) be the third derivative of g**4/6 - 7*g**3/6 - g**2. Let a be i(7). Suppose 4*y = a + 11. List the prime factors of y.
2
Let n(f) = -f**2 - 9*f + 10. Let g be n(-10). Suppose g = 4*q - 2*q. Suppose q*p + 2*p - 24 = 0. List the prime factors of p.
2, 3
Let f = -8 + 11. Suppose 5*y = f*y + 126. Suppose -3*b - 2*q + 57 = 0, 5*b - y - 28 = -2*q. What are the prime factors of b?
17
Let c be 2*-2*(-9)/4. Suppose -2*s - s - c = -r, 2*r - 2*s - 14 = 0. Suppose u + 35 = r*u. List the prime factors of u.
7
Suppose -4*y = -5*w - 8, -7 = 4*w - y - 2*y. What are the prime factors of (-6)/w*(-456)/(-36)?
19
Let l(x) = x**3 - 3*x**2 - 3*x + 1. Suppose -5*d - 22 = g + 2*g, -3*d = -2*g - 21. Let n = g + 13. What are the prime factors of l(n)?
5
Suppose 0 = -4*p - 4*d + 3*d - 5, -2*p - 4*d = -8. What are the prime factors of (-5)/p*4/2?
5
Let p = 5 - 1. Suppose -3*k - 2*q - p = 0, -24 = -2*k + 3*q - 5. What are the prime factors of k?
2
Let v(h) = -h**3 - h**2 + h + 3. Let w be v(0). Suppose -w*t - 88 = -7*t. What are the prime factors of t?
2, 11
Suppose 0 = 4*y + 101 + 55. Let o be 3/(-5) + y/(-15). Suppose -34 = -2*n + w, -n + w = o*n - 50. List the prime factors of n.
2
Suppose 3 = 2*j - 25. What are the prime factors of 144/j + (-28)/98?
2, 5
List the prime factors of ((-6)/21 - 0) + (-4212)/(-42).
2, 5
Let i(w) = 8*w**2 - w - 1. List the prime factors of i(-1).
2
Suppose 23*a - 16*a = 2380. What are the prime factors of a?
2, 5, 17
Let z(y) = 4*y**2 + 2*y - 2. Let v be z(2). What are the prime factors of v/(-4)*(-8)/12?
3
Suppose 2*c + 11 = 3. List the prime factors of c/(-5)*(15 - 0).
2, 3
Suppose -5*i = 5, 49 = 5*h + 2*i - 79. What are the prime factors of h?
2, 13
Suppose 3*r = j + 5, 3*j + 2*r = 4*r + 20. Let v = j - 6. Suppose -w = 5, v*q - w = 45 - 12. List the prime factors of q.
7
Let v(g) = 21*g - 2. Let y be v(3). Suppose 5*p - y = 44. What are the prime factors of p?
3, 7
Let c = -108 + 228. List the prime factors of c.
2, 3, 5
Let q = 16 - 8. Let r(l) be the first derivative of -l**3/3 + 4*l**2 + 9*l + 2. What are the prime factors of r(q)?
3
Let x be 100/(-6)*(-24)/10. Let u be ((-2)/5)/((-2)/x). What are the prime factors of (-36)/u*(-1 - 1)?
3
Let i(a) be the first derivative of -a**4/4 - 5*a**3/3 - a**2/2 - 2*a - 1. Let b be i(-5). Suppose 7*t = b*t + 3*o + 40, -o = 0. List the prime factors of t.
2, 5
Let b = 11 - 7. Suppose -b*w - 4*u + 49 - 9 = 0, 0 = w + 4*u - 10. List the prime factors of w.
2, 5
Let m = 1 + -1. Suppose m = -2*q + 7*q. Suppose -4*l + 23 = -q*p + 3*p, 3*l + 30 = 3*p. What are the prime factors of p?
3
Let t(l) = 3*l**2 - l + 3. Let f be -12*4/(-36)*3. List the prime factors of t(f).
47
Suppose 2*l - 5*s = 37, 2*l + 0*l - 4*s - 42 = 0. What are the prime factors of l?
31
Let n = 5 - -1. List the prime factors of n/(-2) - (-20)/4.
2
Let l be (3 - 18/4)*16. Let s = l - -37. What are the prime factors of s?
13
What are the prime factors of ((-112)/20)/((-32)/15 + 2)?
2, 3, 7
What are the prime factors of 12/(-10)*(-800)/15?
2
Suppose 0 = 3*z - x - 63, -x - x = 3*z - 54. Let d = z + -13. List the prime factors of d.
7
Suppose -3*x + 12 = -0*x. List the prime factors of x.
2
List the prime factors of (4/8)/(1/82).
41
Suppose t - 5 = 5*j + 57, 0 = -5*t - j + 180. Let k = t - 22. List the prime factors of k.
3, 5
Suppose -3 = 3*w + 3*u - 21, -2*u + 8 = 0. Suppose w*j = -3*j. Let s = 2 - j. List the prime factors of s.
2
Suppose 71 = 3*h - 124. Let t = 24 + -18. Suppose -h = k - t*k. List the prime factors of k.
13
Suppose 0 = -3*s + 2 + 4. Suppose -2*n - 4*y = 12, 4*n + s*y + 3*y + 9 = 0. Suppose 0*u + 40 = n*u. List the prime factors of u.
2, 5
Let l be 0*1/(-6)*-3. Let f(h) = 3*h**2 - 5 + 2 - h**3 + l + 5*h. List the prime factors of f(3).
2, 3
Let v(a) = 7*a**2 - 1. List the prime factors of v(-2).
3
What are the prime factors of 346/10 - 14/(-35)?
5, 7
List the prime factors of (36/(-10))/(16/(-120)).
3
Let a = -17 + 19. Suppose -2*b - 21 = -3*w + 63, 0 = -a*b. What are the prime factors of w?
2, 7
Suppose -14 = -t + 2*t - 5*k, 2*t = 2*k + 12. List the prime factors of t.
11
Suppose -4 = -s + 23. Let u = s - 19. What are the prime factors of u?
2
Suppose 9*s - 316 = 107. List the prime factors of s.
47
Let s = -61 - -130. Let m = s + -46. List the prime factors of m.
23
Suppose -5*w = -2*b - 173, -2*w - 7*b + 2*b = -46. Suppose -4*g - 1 = -w. Suppose 3*y = a - g - 12, 0 = a - 5*y - 20. List the prime factors of a.
2, 5
Let n(s) = s**2 + 7*s - 4. Let g be n(-8). Let k(a) = 4*a**2 - 4*a. Let i be k(g). Suppose 0*f - 4*f = -i. What are the prime factors of f?
2, 3
Suppose -u = u - 12. Let h = -1 + 0. Let q = u - h. List the prime factors of q.
7
Let c = 16 - 16. Suppose 5*w = -c*w + 105. List the prime factors of w.
3, 7
Let t = -199 - -360. List the prime factors of t.
7, 23
Suppose 2*p - 4*p = -3*c + 22, 3*p - 62 = -5*c. Let w = 9 + c. List the prime factors of w.
19
Suppose -2*c + 46 = 3*q, -4*q - 4*c = -3*q - 12. List the prime factors of q.
2
Let b = 8 - 1. What are the prime factors of b?
7
List the prime factors of 12/20 - 167/(-5).
2, 17
Let t(z) = -z**2 + 2*z + 2. Let r = -4 - -6. Let v be t(r). 